71 - -86) + -13)) + 10
40
Evaluate -10 + 0 + -8 + (-4 - 27).
-49
What is the value of -22 - (-43 - (-12 + 23 - 14))?
18
Calculate 10 + ((0 - -4) + -107 - (-31 - -27 - 2)).
-87
Evaluate -2 + -1 + -11 + (327 - 323) + 9 + 104.
103
Evaluate -3 + (26 + -2 - 12) + (-14 - 92) + -1.
-98
What is 160 - 31 - (-39 - -258)?
-90
(-4 - 0) + -42 - (789 - 763)
-72
Calculate 2 + 62 - (10 + (-44 - -8) - -14).
76
Evaluate 6 - (-6 + -7 + 31 + -108 + -1 + -7).
104
Calculate -69 + 2 + 7203 + -7130.
6
10 + (31 - (36 + -2)) - (24 + 2 + -3)
-16
Evaluate (-4810 - -4860) + (2 - 107).
-55
What is the value of 18 + (-52 - -40) + -110?
-104
What is the value of 114 + -2 + -21 + 16 + -13 + -7 + 23?
110
-114 - -94 - (6 - 0) - (5 + 2)
-33
(24 - -1) + (25 + -12 - -40)
78
What is -131 + (-108 - -315 - 96)?
-20
29 + 2 + -12 + 15 + 7 + -2
39
What is the value of 53 - (33 + 7) - (38 + -2 + 3)?
-26
What is the value of -45 - (-39 + (42 - 22 - 24) - -26)?
-28
What is -14 + (53 - 60) + 40?
19
19 + -7 - 8 - 0 - 4 - -36
36
Evaluate (19 - 51) + (-242 - -206).
-68
Calculate 42 - (28 - (13 + 1)).
28
(3 - 12) + 8 - (15 - 7) - -89
80
What is the value of (52 - -1) + (15 - (-4 + 23)) - (20 - 18)?
47
Evaluate (111 - 112) + -14 + -4 + 47.
28
What is (3 - 1 - 1) + (-153 - (175 - 354))?
27
What is (-186 - -154) + -118 + 166?
16
What is (573 - 564) + (-5 + 0 - (-15 + -54) - 4)?
69
-44 + 7 + -3 - (12 - -27 - 42)
-37
What is -89 + (26 - -102) + (-2 - -2) + 0?
39
Evaluate 0 + -163 + 38076 + -37931.
-18
Calculate 24 - (28 - 34 - 1 - -26).
5
Evaluate -6 - -18 - ((14 - -13) + 21) - 11.
-47
Calculate 16 + 10 + -16 + 19 + -2 + (-2 - 0).
25
-4 - (14 - 4) - (-289 + 177)
98
What is -22 - (1741 - 1734 - (49 - 0))?
20
Calculate 46 - (22 + (36 + -50 - -19)).
19
Calculate 17 - ((4 - -3) + (-197 - -217)).
-10
What is -46 - 45 - -148 - 82?
-25
Evaluate (-130 - -125) + -7 + -1 + -73 + -7 + -6.
-99
What is the value of -16 + 56 + -65 + (1 - (-99 - -5))?
70
What is 143 + (16 - (131 - -65))?
-37
Evaluate -8 - -20 - 54 - 8 - (12 + 3 + -13).
-52
What is the value of 223 - 216 - ((0 - -18) + -1)?
-10
Evaluate (-1 - 1 - 10) + (-87 - 23) + 35 + -31.
-118
Evaluate 49 + (-46 + 63 - 104).
-38
What is (18 - -48) + -10 - 26?
30
35 - ((11 - -30) + 18)
-24
31 - (-497 - -504 - (0 - -45))
69
Calculate (1 - 9 - (10 - (30 + -43))) + (65 - 62).
-28
What is the value of -9 + (-87 - -121) + -57?
-32
Calculate (36 - (21 + 37)) + 2 - (19 + -1).
-38
(3 - (-1 - (13 - 7 - 5))) + 22
27
(21 - -47 - 91) + 9 + (0 - (6 - 4))
-16
What is 9 + (-15 + (-16 - -13) - 13 - -1)?
-21
What is the value of 18 + -12 - 17 - (6 + 8)?
-25
-736 + 725 + -53 + -2
-66
35 - -2 - (-34 - -60)
11
Evaluate -11 + -32 - -20 - -76.
53
What is (-386 - -389) + 78 + -7?
74
What is the value of (3 - 24) + (12 + -24 + -1 + 6 - -4)?
-24
What is 306 + -290 + (6 - 3 - 0)?
19
Evaluate (-93 - -55) + -41 + 7.
-72
Calculate -1 + (12 - 2) + -10076 + 10073.
6
Calculate -173 + 143 - (12 - (3 + (0 - 3))).
-42
What is the value of (10 - 23 - 22) + 94 + -3?
56
Calculate -11 - (133 - (62 - -5) - (20 + -4)).
-61
84 + -132 + -35 + -44
-127
(10 - 4) + -9 + (13 - (-6 + 36))
-20
What is 1 + -111 - (185 - 271)?
-24
Evaluate -143 + 128 - (97 + -56).
-56
Calculate -13 - (6 + (18 + 6 - 8) + -4).
-31
(212 - (125 - 3)) + 58
148
Calculate (4 - (-12 + 34 + -11) - -18) + 26 + -2.
35
8 + 3 + (-65 - (12 - 7) - -17)
-42
(9 - ((13 - 13) + 2)) + -74 - -15
-52
1 + (10 - -1) + 1 + (-261 - -78) + 102
-68
Evaluate 95 + -57 + (-95 - -33).
-24
Evaluate -53 - (-56 + (33 - -13) + (-1 + 2 - 0)).
-44
What is 48 + 8 + (9 + -7 - 8) + 17?
67
What is the value of -8 - 6 - -7 - (-64 - 3 - -4)?
56
Evaluate (-7 - 7) + (-20 - (-33 - -16)).
-17
(241 - (155 + 5)) + (-2 - -3 - 5) + 1
78
What is the value of -94 + 128 + 95 - (29 - -2)?
98
What is the value of -87 + -1 + (12236 - 12142)?
6
Evaluate 16 + (25 - (51 + -26)) + -33.
-17
Evaluate 47 + (86 - 190 - -100).
43
(-18 - -14) + (-10 - -4) - (-60 - -86)
-36
What is the value of 23 + -70 + 53 + 0 + (71 - 0)?
77
-149 + 102 - -129 - 6
76
-2 + 105 + (-23 + -39 + 24 - -18)
83
Calculate -55 - (-37 - (-4 + 37 - 80)).
-65
What is 51 + (17 + -50 + 13 - -12)?
43
What is the value of (-9 - -8) + -5 - (-28 - -9) - 42?
-29
What is the value of 11 + 7 + -34 - (24 + 0)?
-40
What is 19 + 329 + -324 + -13 + 0 + 10?
21
(91 - 0 - (-35 - -37)) + 11 - 17
83
What is -23 - (4 + -20 - (-18 - -19)) - (-7 + -2)?
3
Calculate 51 - (350 + -401 - (1 - 60)).
43
-40 - (42 + -18 + -93)
29
Evaluate (0 + 3 - 4 - (-11 - -12 - 8)) + 6.
12
-44 - (-4 - (-35 - 82)) - (-20 + -3)
-134
What is (-172 - -96) + (-6 - -26)?
-56
-6 + -29 + 6 + 45
16
What is -14 + 2 - (2 + 4 - (-53 - -98))?
27
Evaluate 510 + -629 + (18 - -48).
-53
(-124 + 219 - 141) + -9
-55
What is the value of -42 + 58 - (-2 + 11 + -2)?
9
Calculate -285 - -284 - ((5 - 2) + 5).
-9
(1 - (-20 + (56 - 89))) + 0 + 1 + -12
43
Calculate 93 + (94 - 68) + (-1 - 37).
81
What is the value of -9 + -9 - (-33 + -19 + -12) - 9?
37
What is the value of -26 - (-14 + -2 + 16 - (-1 + 2))?
-25
Calculate 35 + (9 - 81) + 1.
-36
What is (-41 + 2 - 2) + 4 + -90 + 77?
-50
(20 - (17 - 10 - -6)) + -7 + -18
-18
(-2 + 134 - (374 + -359)) + -16
101
41 + -11 + -23 + 8 + -1 - 14
0
What is 67 - ((12 - (8 + -5 - 1)) + (-4 - 6))?
67
Evaluate (3 + -12 - 0 - -8) + 93 + -7.
85
Calculate (0 - (12 - (7 - -16))) + (-2 - -1 - 45).
-35
(2 - (11 + -9) - -5) + -2 + 92
95
What is the value of 100 + 62 + -75 + -88?
-1
(-5 - -7) + (-13 - 0) - (60 - 10 - 70)
9
(245 - 267) + (0 - -32) - (0 + -30)
40
What is the value of 0 + 42 + -1636 + 1513?
-81
What is (11 - (8 + 2)) + (2 + 5 - 7) + -4?
-3
What is the value of 24 - 1 - 0 - ((-20 - 2) + (61 - 34))?
18
Evaluate -67 - (-56 - -58 - 40).
-29
Calculate -17 + (2 - 14 - (22 + -34 + 3 + 4)).
-24
What is the value of -36 + -29 + 1 - -23 - -13?
-28
3 + (17 + 1 - (-169 - -164))
26
What is the value of (20 - (16 - (6 - 0))) + (2 - (-9 + 2))?
19
What is the value of 15 - (-117 + 38 - -113)?
-19
What is -469 + 437 + (54 - 0)?
22
-160 - ((60 - 78) + -115)
-27
8 + (1 - 1 - -10) + (91 - 19 - 67)
23
Calculate (-103 - (-60 - -24)) + 125.
58
(2 + (4 - 14) + 16 - -47) + -46 + 35
44
Calculate (8 - (9 + -3 + -5)) + (-37 - -65).
35
10 + (-2 + -8 + -3 - -22) + 27
46
What is the value of -28 - (17 + (-30 - 1) - -23)?
-37
What is the value of 1345 + -1266 - (-6 - -150)?
-65
What is (4 + 2 - (-64 - -15)) + -15?
40
What is the value of -4 + -1 + 176 - 81?
90
Evaluate 3 + 1 + 2 - (-83 - (-17 - -4)).
76
Calculate -102 + (20 - 25) - (-4 + 0 - (-2 + 4)).
-101
Calculate 16 + (-8 - -11) - -1 - (11 - 6 - -5).
10
-6 - (8 - 23 - (-25 + 9))
-7
Evaluate -6 + -15 - (3 + -19) - (5 + 41).
-51
Calculate -29 + (1 + -7 - (47 + -66) - (3 + 7)).
-26
Evaluate (-115 - (-41 - (-32 - -33))) + -35.
-108
What is the value of -15 + -146 + (-299 - -404)?
-56
Evaluate (15 - -7) + (-28 - (25 + -8)).
-23
What is the value of 39 + 13 + (1 + 6 - 9) - (-2 - -7)?
45
Calculate 2 - 80 - (-15 - (116 + -124)).
-71
What is -48 + (107 - 39) + -42?
-22
What is the value of -83 + 3 + 1 - (11 + 11 - 53 - -33)?
-81
Calculate -7 + 9 + 20 + -14 - (2 + (6 - 4)).
4
What is the value of 10 - (-71 + (62 - 19) + (-1 - 20))?
59
-7 + (81 + -32 - 21)
21
What is 3 + (-101 + 70 - -70)?
42
Calculate 5 + -20 + (-6 - (5 + -18)) + -28 - 11.
-47
Evaluate 110 + -98 - 153 - -37.
-104
What is the value of -1 + (27 - 0) - ((265 - 213) + -39) - 7?
6
(1 + 8 - (-370 + 460)) + -3 + 0 + -5
-89
-86 + 7 - (86 - 119)
-46
Evaluate 3 + -26 + (-7 + -12 - 8).
-50
Calculate -96 + 4 - (64 + -49 + 1 + -5 + 2).
-105
(6 - -33) + 12 + -11 - (35 + -37)
42
What is the value of 50 + (1 - (18 + 14 - 22))?
41
(56 - (52 - -17)) + (7 - -21 - (0 + -1))
16
What is the value of (1 - 3) + -88 + -2 + (-715 - -732)?
-75
Calculate -3 + 0 + -461 + 577 + (2 - 12).
103
Calculate (1 - -52) + -10 + 0 + (1 - 5 - -1).
40
What is the value of 1 + 49 - (-126 + 102 + (17 - 2))?
59
Evaluate (4 + -7 - -4) + (1 - 67) + 2313 + -2304.
-56
Evaluate -480 + 492 - (-6 + 1 - (-9 + 13)).
21
What is the value of 104 - 2 - (10094 - 9909)?
-83
Calculate (-14 - 92) + (-4 - -19) - -12.
-79
Evaluate -3107 + 3115 + (-1 + -1 - 51 - (3 + -3)).
-45
Calculate -48 - (-11 - -32 - 46) - -16.
-7
-37 + 57 + 9 + -29 + 1 + -20 + -3
-22
Evaluate 132 + (-43 - -32 - (5 - 0)) + -19.
97
Evaluate (0 - 0) + 25 + (-1 - -13